2 - 0) + -13)?
0
8 + -9 - (0 - (-2 - -1))
-2
Evaluate -3 + 8 - 0 - (-12 - -13).
4
What is 2 - (1 + -1 - -1)?
1
What is the value of (0 - (-7 - -6)) + -7?
-6
What is 8 + (-17 - (3 - 7))?
-5
-5 - (3 + (-7 - 0))
-1
What is the value of (-8 - -3) + 4 + 1?
0
Calculate -10 + 10 + -1 + 7.
6
Calculate 1 + -2 - (71 - 80).
8
What is 1 + -1 + (4 - -1) + -3?
2
-4 + (-8 - -6) + 1
-5
What is 1 + -4 + 9 + -11 + 2?
-3
Evaluate 3 + (1 - (-3 + 1)) + -2.
4
1 - (2 + -10 + 5)
4
5 - (-6 + 10 - (7 - 5))
3
What is -8 + 7 + -5 - -7?
1
-5 - -7 - (-1 + -2)
5
Calculate -1 - 4 - (2 + (2 - 7)).
-2
-2 + 5 + 4 + -6
1
Evaluate (18 - 13) + (-4 - 1).
0
-2 + 10 + 9 + -13
4
What is the value of 2 + 0 - (2 - 1)?
1
Evaluate 2 + -2 + (-15 - -22).
7
Evaluate -5 - (-5 - (4 - 3) - -8).
-7
What is the value of -5 + 7 + (5 - 5)?
2
What is the value of (2 - 2) + 2 - (5 + 2)?
-5
4 + -1 - 1 - (34 + -28)
-4
-7 + 3 - (5 + -2 - -1)
-8
What is (4 - (2 - 1)) + -3 + 1?
1
Evaluate -2 - (-4 - (2 + -3)).
1
What is -7 + -6 + 8 + -7 + 5?
-7
Evaluate (-2 - -1) + (-3 - -2) + 2.
0
What is 6 + 2 - (4 - -3)?
1
What is the value of (-1 - 2) + (3 - 0) + 3?
3
What is 23 + -30 - (1 - 6)?
-2
Evaluate 1 + -1 + 0 + 2.
2
What is the value of (6 - 1) + -6 + -1 + 3?
1
Evaluate 1 + -1 - (12 - 11) - 2.
-3
What is the value of 5 - (6 + -5) - 3 - 4?
-3
Calculate ((-6 - -4) + 0 - 7) + 4.
-5
Calculate -2 - -2 - ((-2 - -4) + 2).
-4
What is the value of (-3 - (-8 + 2)) + -5 - -2?
0
1 + -3 + (3 - 2 - 3)
-4
What is -5 + (2 - ((5 - 2) + -2))?
-4
(-2 - -3) + -1 - (0 - -3)
-3
Calculate 8 - (-7 + 6 - -6).
3
4 + 2 + (0 - 6 - -2)
2
Calculate 1 - 8 - (-7 - (3 - 10)).
-7
Evaluate -6 + (-3 + 10 - (6 + -1)).
-4
1 + 0 + 2 + -5
-2
-7 + 14 + -8 - (3 - 5)
1
Calculate -2 - (-1 - -2) - -4.
1
What is the value of (-7 - (-15 + 8)) + -5?
-5
Evaluate -5 + (-3 + 5 - -3).
0
-16 + 13 + -11 + 8
-6
What is the value of (-4 - -12) + -5 + 6?
9
5 - (-3 - ((2 - 7) + -1))
2
Evaluate 2 + (10 - 6) + -11.
-5
What is -7 - (1 - 3) - -5?
0
5 - -1 - (7 - 5)
4
Calculate -3 + (8 - 13) + 4.
-4
Calculate 7 - (7 - (2 - 2)).
0
What is (20 - 11) + -3 - (10 - 1)?
-3
-1 - (-3 - (-9 + 2))
-5
Calculate ((4 - 12) + 12 - -4) + -17.
-9
-1 + 1 + (5 - 2) + -5
-2
Calculate -2 + (-8 - -7 - 2).
-5
Calculate 2 + -3 - 2 - -1 - 0.
-2
Evaluate -6 - (-5 - ((5 - 1) + -3)).
0
Evaluate 0 - (-1 - (-6 + 2)).
-3
What is the value of 3 - (-8 + 4 + (1 - -2))?
4
What is -6 + (-5 - -9) + 6?
4
Evaluate -12 + 6 + -4 + 7 - 2.
-5
What is 5 + 1 - 11 - -13?
8
What is -12 - (-1 - 8) - -3?
0
6 + (-2 - 3) + 3
4
Evaluate -1 + (5 + 2 - -2).
8
What is the value of 0 - -2 - ((-2 - 0) + 1)?
3
Evaluate 10 + (10 - 16) + -12.
-8
3 + (2 - (2 - 0))
3
Calculate -5 + (4 + 5 - 7).
-3
Evaluate 28 - 34 - (-15 + 0).
9
What is 9 - (5 + 5 + -3 + -4)?
6
-12 + -1 + 6 + 2
-5
What is the value of (2 - (0 + -3)) + 1 + -2?
4
What is the value of 9 + (-27 - -13) + -1 + 0?
-6
Evaluate 4 + -11 - (0 - 6 - -3).
-4
What is -11 - (-6 + 8 + -8)?
-5
Evaluate 0 + (12 - (12 + -5)) + 4.
9
Calculate (1 - 1) + (12 - 12) + 3.
3
Calculate -7 - -3 - -1 - (-13 + 13).
-3
Calculate 2 + (-1 + -1 - 9).
-9
What is -9 - (12 + -4 - 17)?
0
Evaluate 0 + 1 + -2 - -1.
0
Evaluate (0 - 1) + (4 + -2 - -3).
4
What is the value of 3 + 8 - (-45 + 55)?
1
What is 3 + 0 + -4 + (-12 - -11)?
-2
What is the value of (9 - (4 - 5)) + -13?
-3
What is (-15 - -15) + 1 + 1?
2
Calculate (-4 - (-5 - -1)) + -3 + 3.
0
What is the value of -4 - (-5 + 1 + -3)?
3
What is the value of 2 + (2 - (-1 + 5))?
0
What is (5 + -4 - 1) + 4?
4
Evaluate 8 - (5 + (-9 - -7)).
5
What is -4 + 7 + 1 + 2?
6
Calculate -1 + (-6 - -3) + (3 - 4).
-5
Calculate (8 - 1) + (0 - (6 + 5)).
-4
Calculate -2 + (4 - ((1 - -2) + 1)).
-2
Calculate (-4 - (-6 - 4)) + -11 + 11.
6
What is the value of -21 + (4 - 6 - -13)?
-10
What is the value of 2 - (-4 + 3) - (-5 - -5)?
3
-9 - (-9 - -2 - -3)
-5
Calculate -2 - (-4 + 1 + 5 + -9).
5
(8 - 6 - 12) + 13
3
7 + -16 + 12 + 1
4
Evaluate 1 - (-3 + -5 + 1 + 14).
-6
Evaluate 0 - (0 + -1 + 0).
1
What is the value of 2 - (-6 + -5 + -3 - -6)?
10
(-8 - -1) + (44 - 38)
-1
Evaluate 3 - (-1 + 3 - -2).
-1
What is the value of (1 - (0 + -1 - -5)) + 5?
2
What is the value of 5 - (-16 + 5 + (1 - -8))?
7
What is the value of -3 + -3 + -1 + 6 + -3?
-4
What is -4 + (7 - 3) - 5 - -7?
2
What is 0 - -1 - (9 - 9)?
1
What is (-1 - (0 + -2 + 5)) + 3?
-1
What is (1 - -2) + 0 + -1 + -2?
0
Evaluate 3 + 1 - (10 - (16 + -8)).
2
What is -1 - (2 - (10 - 5))?
2
What is -2 + 12 - (18 - 14)?
6
Evaluate 5 + -1 + (-1 - 4 - -5).
4
Evaluate (3 - 2) + (-7 - -11).
5
What is -10 - (8 + (-6 - 11))?
-1
Calculate (3 - -4) + (-4 - (1 + 4)).
-2
Calculate -3 - (-14 - -6 - -4).
1
Evaluate -3 - (-1 + 1 + (0 - -2)).
-5
What is the value of -1 + 3 - (-3 + 4 + -4)?
5
Evaluate -7 - ((-3 - 5) + -3).
4
Calculate 17 - 13 - (-1 - -3 - 3).
5
Calculate (-6 - 3) + 9 + 0.
0
-1 - (-1 + -4 + 0 + -1)
5
Calculate (-4 + -2 - -1 - -3) + 6.
4
Calculate (4 - (-6 - -6)) + -1 - 2.
1
Evaluate (4 - 6) + -5 + 3.
-4
1 + -5 + 2 + -6 + 15
7
Evaluate -1 + 4 - (-12 + 20).
-5
What is the value of 2 - ((-1 - 0) + -3)?
6
What is -9 - (-1 + -5) - (1 - 0)?
-4
Calculate 2 + (7 + -6 - -1).
4
What is 1 + 0 - (5 - 4)?
0
What is the value of (-3 - (-2 + -1)) + 4?
4
(14 - 3) + -7 + (-5 - 0)
-1
What is (17 + -8 - 13) + 2?
-2
What is (6 - -2) + -18 + 14?
4
Calculate -8 + 5 + 3 - 5.
-5
What is the value of 1 + -5 + 1 + 0 + 9?
6
What is the value of -5 + 4 + -2 + 0 + 2?
-1
What is (-2 + -8 - -12) + -1 + 3?
4
What is (4 - 1) + -5 - (2 + -1)?
-3
What is -14 + 18 + (2 - (0 - -4))?
2
-5 - (0 + 0) - (-2 - -1)
-4
4 + 0 + 0 + -4 - -3
3
Calculate -4 + 10 + (-7 - -3).
2
-14 - (1 - (7 - -4))
-4
What is -2 - -2 - (-29 + 34)?
-5
5 - 9 - -5 - 4
-3
Calculate -2 + 5 + (-5 - (-4 - -2)).
0
-6 - (-6 + (3 - (2 + 4)))
3
What is the value of -8 - (7 - 7 - 4)?
-4
Evaluate -5 + (0 - (-16 - -3)) + -4.
4
Evaluate (-3 - 8) + 0 + 5.
-6
What is the value of -4 - -1 - (6 - 4)?
-5
2 + -5 + (-1 + 0 - -2)
-2
What is (0 - 0) + -3 + 4 + 1?
2
Evaluate (5 + 2 - 1) + -5 + 5.
6
Calculate 4 + (-4 - (-2 - 1)).
3
-4 + 0 + 0 + -1 - -2
-3
Evaluate (15 - 10) + (2 - 7).
0
What is 6 - (7 - -1) - (2 - -5)?
-9
-5 + 3 + 1 + -3
-4
What is -6 + -1 + 6 - 2?
-3
What is the value of (-3 - -3) + (4 - -2) + -1?
5
Calculate 12 - (-4 + 14 + -5).
7
What is 0 - -2 - (9 - 9)?
2
Calculate (9 - (-1 - -4)) + 0 + -2.
4
Evaluate (2 + (-5 - -4) - -2) + -6.
-3
-5 + 1 - (3 - 5)
-2
5 - -1 - 4 - (5 - 2)
-1
What is the value of -3 + (-1 - (1 - 3)) - 0?
-2
Evaluate (2 - -3) + -3 + -6 + -2.
-6
What is -4 - (-1 - 3) - (0 + -5)?
5
What is the value of -14 + 10 - (-2 + -3)?
1
-7 - -10 - (1 - -2)
0
Calculate -10 + 14 - 6 - (1 - -6).
-9
3 + (0 + 8 - 6) - 3
2
-7 - 0 - (-38 + 33)
-2
-37 + 36 - (-3 - -2)
0
What is the value of (6 - 13) + 2 + 10?
5
Calculate -2 + -1 + (22 - 17) - 4.
-2
Calculate 2 - 7 - -4 - -1.
0
What is 4 - (-53 + 57 + 0 + 9)?
-9
What is 4 - 1 - (10 - 12)?
5
What is the value of (-6 - (4 - 7)) + -1?
-4
What is 4 - (-3 + (3 - (-8 - -2)))?
-2
Evaluate -5 + 2 + 3 + -1.
-1
(2 - 2) + (0 - 4)
-4
Evaluate 0 - (-1 - -2) - -2 - 0.
1
(-15 - -8) + -1 + 3 + 1
-4
What is (-1 + -2 - (3 + -8)) + -3?
-1
What is the value of 4 - (-2 + (-5 - -4)) - 4?
3
-8 + 1 + 1 - -3
-3
-6 + 3 + -2 - 0
-5
Calculate (8 - 3) + (2 - (-2 - -10)).
-1
What is (1 + -4 - 1) + 9 + 2?
7
What is 4 + 0 - 1 - 2 - 6?
-5
What is the value of -19 - -23 - (0 + 0)?
4
What is the value of -3 - -1 - (-26 + 22)?
2
What is 0 + 0 + (16 - 21) + 11?
6
What is 10 - ((51 - 52) + 0 + 6)?
5
What is the value of (-8 - -4) + 1 - (-9 + 1)?
5
Calculate -5 - -2 - (-12 - -10).
-1
Evaluate -4 - (-11 - (0 + -12)).
-5
Evaluate 4 + 1 - 6 - 3.
-4
What is 6 + (2 - 4) - (0 - -3)?
1
2 - (-1 + 2) - (37 - 44)
8
Calculate (0 - 3) + (5 - 2).
0
Calculate (4 - (1 - -8)) + (12 - 2).
5
3 - (-1 - (-3 + 0))
1
Calculate 1 - 2 - (-11 + 13).
-3
What is -14 - -7 - (3 + -2 + -5)?
-3
Evaluate 8 + 1 + (-7 - -3).
5
-3 - -8 - (21 - 15)
-1
Evaluate 3 + (29 - 26 - (9 + -1)).
-2
Evaluate -2 + 4 + -6 - (-11 - -13).
-6
What is 6 + -7 + 2 - (-2 - 2)?
5
What is the value of 4 - (0 - -1) - (58 - 60)?
5
0 + (-10 - (2 - 10 - -4))
-6
Evaluate -4 - (3 - 5) - (3 + -3).
-2
Evaluate 6 + (12 - 15) + -1 + -5.
-3
What is the value of -10 + -1 + 20 - 12?
-3
What is (-6 - -9) + 1 + -1 + -3?
0
What is 2 + (-10 - -7) + 1?
0
7 + -22 + (14 -